59, 83
List the prime factors of 209.
11, 19
What are the prime factors of 12155?
5, 11, 13, 17
List the prime factors of 31326.
2, 3, 23, 227
What are the prime factors of 4727?
29, 163
List the prime factors of 23768.
2, 2971
What are the prime factors of 3047?
11, 277
List the prime factors of 1070.
2, 5, 107
What are the prime factors of 61613?
61613
What are the prime factors of 2053?
2053
List the prime factors of 226.
2, 113
What are the prime factors of 194747?
7, 43, 647
What are the prime factors of 1255?
5, 251
What are the prime factors of 4357?
4357
List the prime factors of 1815.
3, 5, 11
List the prime factors of 306.
2, 3, 17
What are the prime factors of 25051?
13, 41, 47
List the prime factors of 255.
3, 5, 17
What are the prime factors of 2104?
2, 263
What are the prime factors of 647?
647
What are the prime factors of 3940?
2, 5, 197
What are the prime factors of 32?
2
List the prime factors of 25402.
2, 13, 977
List the prime factors of 19165.
5, 3833
What are the prime factors of 178?
2, 89
What are the prime factors of 1381?
1381
List the prime factors of 2854.
2, 1427
What are the prime factors of 118?
2, 59
What are the prime factors of 154399?
7, 23, 137
What are the prime factors of 15839?
47, 337
What are the prime factors of 4523?
4523
What are the prime factors of 9569?
7, 1367
What are the prime factors of 20998?
2, 10499
List the prime factors of 2291.
29, 79
What are the prime factors of 1566?
2, 3, 29
What are the prime factors of 2526?
2, 3, 421
What are the prime factors of 2158?
2, 13, 83
List the prime factors of 959.
7, 137
What are the prime factors of 84324?
2, 3, 7027
List the prime factors of 3065.
5, 613
What are the prime factors of 33597?
3, 3733
What are the prime factors of 23297?
23297
List the prime factors of 53918.
2, 26959
What are the prime factors of 164?
2, 41
What are the prime factors of 1002?
2, 3, 167
What are the prime factors of 6259?
11, 569
List the prime factors of 6092.
2, 1523
What are the prime factors of 39658?
2, 79, 251
What are the prime factors of 739?
739
List the prime factors of 1077.
3, 359
List the prime factors of 15197.
7, 13, 167
List the prime factors of 19307.
43, 449
What are the prime factors of 32542?
2, 53, 307
What are the prime factors of 1173?
3, 17, 23
List the prime factors of 848.
2, 53
What are the prime factors of 26777?
26777
List the prime factors of 8915.
5, 1783
What are the prime factors of 2056?
2, 257
What are the prime factors of 344?
2, 43
List the prime factors of 6918.
2, 3, 1153
List the prime factors of 2241.
3, 83
List the prime factors of 67498.
2, 33749
What are the prime factors of 4046?
2, 7, 17
What are the prime factors of 2773?
47, 59
List the prime factors of 3625.
5, 29
List the prime factors of 522.
2, 3, 29
List the prime factors of 320.
2, 5
List the prime factors of 1863.
3, 23
What are the prime factors of 5005?
5, 7, 11, 13
List the prime factors of 14649.
3, 19, 257
What are the prime factors of 2750?
2, 5, 11
List the prime factors of 216.
2, 3
What are the prime factors of 23513?
7, 3359
List the prime factors of 16729.
16729
List the prime factors of 4989.
3, 1663
What are the prime factors of 642?
2, 3, 107
What are the prime factors of 19830?
2, 3, 5, 661
What are the prime factors of 9430?
2, 5, 23, 41
What are the prime factors of 23451?
3, 7817
What are the prime factors of 1285?
5, 257
List the prime factors of 275.
5, 11
List the prime factors of 440.
2, 5, 11
What are the prime factors of 1072?
2, 67
What are the prime factors of 733?
733
List the prime factors of 115619.
7, 83, 199
List the prime factors of 722.
2, 19
List the prime factors of 14094.
2, 3, 29
List the prime factors of 2037.
3, 7, 97
List the prime factors of 1039.
1039
What are the prime factors of 3846?
2, 3, 641
List the prime factors of 2418.
2, 3, 13, 31
What are the prime factors of 105852?
2, 3, 8821
List the prime factors of 971.
971
What are the prime factors of 38318?
2, 7, 17, 23
What are the prime factors of 292?
2, 73
What are the prime factors of 1301?
1301
List the prime factors of 12691.
7, 37
List the prime factors of 55.
5, 11
What are the prime factors of 2451?
3, 19, 43
List the prime factors of 21072.
2, 3, 439
List the prime factors of 23343.
3, 31, 251
What are the prime factors of 31872?
2, 3, 83
What are the prime factors of 5770?
2, 5, 577
List the prime factors of 13127.
13127
What are the prime factors of 3447?
3, 383
What are the prime factors of 3066?
2, 3, 7, 73
What are the prime factors of 61388?
2, 103, 149
List the prime factors of 4333.
7, 619
List the prime factors of 9358.
2, 4679
What are the prime factors of 25176?
2, 3, 1049
List the prime factors of 186882.
2, 3, 31147
What are the prime factors of 39402?
2, 3, 11, 199
List the prime factors of 2643.
3, 881
What are the prime factors of 7862?
2, 3931
List the prime factors of 26973.
3, 37
What are the prime factors of 8243?
8243
List the prime factors of 7980.
2, 3, 5, 7, 19
List the prime factors of 949.
13, 73
List the prime factors of 746.
2, 373
List the prime factors of 93588.
2, 3, 11, 709
List the prime factors of 9653.
7, 197
What are the prime factors of 20617?
53, 389
What are the prime factors of 328?
2, 41
What are the prime factors of 9178?
2, 13, 353
What are the prime factors of 332?
2, 83
List the prime factors of 14708.
2, 3677
List the prime factors of 53234.
2, 43, 619
What are the prime factors of 39685?
5, 7937
What are the prime factors of 24142?
2, 12071
List the prime factors of 392.
2, 7
What are the prime factors of 56037?
3, 18679
What are the prime factors of 6675?
3, 5, 89
List the prime factors of 24910.
2, 5, 47, 53
What are the prime factors of 45385?
5, 29, 313
What are the prime factors of 2947?
7, 421
What are the prime factors of 62390?
2, 5, 17, 367
List the prime factors of 1084.
2, 271
What are the prime factors of 2742?
2, 3, 457
What are the prime factors of 54443?
54443
List the prime factors of 8484.
2, 3, 7, 101
What are the prime factors of 5585?
5, 1117
What are the prime factors of 5788?
2, 1447
List the prime factors of 69600.
2, 3, 5, 29
List the prime factors of 21422.
2, 10711
List the prime factors of 1469.
13, 113
What are the prime factors of 51452?
2, 19, 677
List the prime factors of 2084.
2, 521
What are the prime factors of 6162?
2, 3, 13, 79
List the prime factors of 2730.
2, 3, 5, 7, 13
What are the prime factors of 58?
2, 29
List the prime factors of 18549.
3, 229
List the prime factors of 7289.
37, 197
What are the prime factors of 1114?
2, 557
List the prime factors of 5273.
5273
What are the prime factors of 16254?
2, 3, 7, 43
What are the prime factors of 9050?
2, 5, 181
What are the prime factors of 21047?
13, 1619
What are the prime factors of 13157?
59, 223
List the prime factors of 93315.
3, 5, 6221
What are the prime factors of 6211?
6211
What are the prime factors of 163056?
2, 3, 43, 79
What are the prime factors of 146610?
2, 3, 5, 181
List the prime factors of 16175.
5, 647
List the prime factors of 21.
3, 7
What are the prime factors of 410?
2, 5, 41
What are the prime factors of 965?
5, 193
List the prime factors of 7536.
2, 3, 157
List the prime factors of 70831.
193, 367
List the prime factors of 9170.
2, 5, 7, 131
List the prime factors of 4450.
2, 5, 89
What are the prime factors of 165?
3, 5, 11
What are the prime factors of 25328?
2, 1583
List the prime factors of 1598.
2, 17, 47
What are the prime factors of 336?
2, 3, 7
What are the prime factors of 1371?
3, 457
List the prime factors of 5048.
2, 631
List the prime factors of 35938.
2, 7, 17, 151
List the prime factors of 24585.
3, 5, 11, 149
What are the prime factors of 2956?
2, 739
List the prime factors of 338.
2, 13
What are the prime factors of 765?
3, 5, 17
List the prime factors of 1752.
2, 3, 73
List the prime factors of 1149.
3, 383
What are the prime factors of 407?
11, 37
What are the prime factors of 142986?
2, 3, 23831
What are the prime factors of 1293?
3, 431
What are the prime factors of 6057?
3, 673
What are the prime factors of 150577?
7, 439
List the prime factors of 6803.
6803
What are the prime factors of 7693?
7, 157
List the prime factors of 4269.
3, 1423
List the prime factors of 4200.
2, 3